{"id":24,"date":"2017-05-11T08:43:49","date_gmt":"2017-05-11T08:43:49","guid":{"rendered":"http:\/\/osmp.edu.ba\/?page_id=24"},"modified":"2023-11-22T16:13:22","modified_gmt":"2023-11-22T16:13:22","slug":"ucenici","status":"publish","type":"page","link":"https:\/\/osmp.edu.ba\/?page_id=24","title":{"rendered":"U\u010denici"},"content":{"rendered":"\n<figure class=\"wp-block-image\"><img fetchpriority=\"high\" decoding=\"async\" width=\"1024\" height=\"267\" src=\"http:\/\/osmp.edu.ba\/wp-content\/uploads\/2023\/11\/ucenici_header-1024x267.png\" alt=\"\" class=\"wp-image-9012\" srcset=\"https:\/\/osmp.edu.ba\/wp-content\/uploads\/2023\/11\/ucenici_header-1024x267.png 1024w, https:\/\/osmp.edu.ba\/wp-content\/uploads\/2023\/11\/ucenici_header-300x78.png 300w, https:\/\/osmp.edu.ba\/wp-content\/uploads\/2023\/11\/ucenici_header-768x200.png 768w, https:\/\/osmp.edu.ba\/wp-content\/uploads\/2023\/11\/ucenici_header.png 1920w\" sizes=\"(max-width: 1024px) 100vw, 1024px\" \/><figcaption> <strong>FOTO: <a href=\"https:\/\/www.pngwing.com\/en\/free-png-zlgxh\">pngwing.com<\/a><\/strong> <\/figcaption><\/figure>\n\n\n\n<p style=\"background-color:#cce1ea\" class=\"has-background has-medium-font-size\">Dragi u\u010denici i u\u010denice u ovom dijelu stranice mo\u017eete prona\u0107i puno korisnih stvari koje vam olaka\u0161avaju u\u010denje, planiranje svojih obaveza, ali i  zanimljivosti za razonodu, ali i priliku da nau\u010dite ne\u0161to novo.  <br>U ispod navedenim selekcijama (linkovima) se nalazi vi\u0161e informacija. <\/p>\n\n\n\n<p style=\"background-color:#fff3da;font-size:18px\" class=\"has-background\"><a href=\"http:\/\/osmp.edu.ba\/?page_id=5253\">\u2689 Biblioteka<\/a><br><a href=\"http:\/\/osmp.edu.ba\/?page_id=51\">\u2689 Broj u\u010denika<\/a><br><a href=\"http:\/\/osmp.edu.ba\/?page_id=1062\">\u2689 Okvirni plan pisanih provjera za I polugodi\u0161te<\/a><br><a href=\"http:\/\/osmp.edu.ba\/?page_id=1064\">\u2689 Okvirni plan pisanih provjera za II polugodi\u0161te<\/a><br><a href=\"http:\/\/osmp.edu.ba\/?page_id=6536\">\u2689 Uspjesi na\u0161ih u\u010denika<\/a><br><a href=\"http:\/\/osmp.edu.ba\/?page_id=8916\">\u2689 Vije\u0107e u\u010denika<\/a><br><a href=\"http:\/\/osmp.edu.ba\/?page_id=53\">\u2689 Vannastavne aktivnosti<\/a><br> <a href=\"http:\/\/osmp.edu.ba\/?page_id=57\">\u2689 Eksterna matura<\/a><br><a href=\"http:\/\/osmp.edu.ba\/?page_id=190\">\u2689 Ud\u017ebenici za 2023\/2024. godinu<\/a><\/p>\n","protected":false},"excerpt":{"rendered":"<p>Dragi u\u010denici i u\u010denice u ovom dijelu stranice mo\u017eete prona\u0107i puno korisnih stvari koje vam&#8230;<\/p>\n","protected":false},"author":1,"featured_media":0,"parent":0,"menu_order":2,"comment_status":"closed","ping_status":"closed","template":"","meta":{"ngg_post_thumbnail":0,"footnotes":""},"class_list":["post-24","page","type-page","status-publish","hentry"],"_links":{"self":[{"href":"https:\/\/osmp.edu.ba\/index.php?rest_route=\/wp\/v2\/pages\/24","targetHints":{"allow":["GET"]}}],"collection":[{"href":"https:\/\/osmp.edu.ba\/index.php?rest_route=\/wp\/v2\/pages"}],"about":[{"href":"https:\/\/osmp.edu.ba\/index.php?rest_route=\/wp\/v2\/types\/page"}],"author":[{"embeddable":true,"href":"https:\/\/osmp.edu.ba\/index.php?rest_route=\/wp\/v2\/users\/1"}],"replies":[{"embeddable":true,"href":"https:\/\/osmp.edu.ba\/index.php?rest_route=%2Fwp%2Fv2%2Fcomments&post=24"}],"version-history":[{"count":7,"href":"https:\/\/osmp.edu.ba\/index.php?rest_route=\/wp\/v2\/pages\/24\/revisions"}],"predecessor-version":[{"id":9017,"href":"https:\/\/osmp.edu.ba\/index.php?rest_route=\/wp\/v2\/pages\/24\/revisions\/9017"}],"wp:attachment":[{"href":"https:\/\/osmp.edu.ba\/index.php?rest_route=%2Fwp%2Fv2%2Fmedia&parent=24"}],"curies":[{"name":"wp","href":"https:\/\/api.w.org\/{rel}","templated":true}]}}