{"id":30,"date":"2017-05-11T08:48:29","date_gmt":"2017-05-11T08:48:29","guid":{"rendered":"http:\/\/osmp.edu.ba\/?page_id=30"},"modified":"2025-09-24T19:48:35","modified_gmt":"2025-09-24T19:48:35","slug":"strucni-aktivi","status":"publish","type":"page","link":"https:\/\/osmp.edu.ba\/?page_id=30","title":{"rendered":"Stru\u010dni aktivi &#8211; \u0161kolska 2025\/2026."},"content":{"rendered":"\n<table style=\" text-align:center; background-color:#f7f5e6; border:1px;border-style:solid\" \"=\"\" class=\"wp-block-table has-fixed-layout\"><tbody><tr><td style=\" background-color:#dcf7f7; border:1px;border-style:solid\">\n  RB\n  <\/td><td style=\" background-color:#dcf7f7; border:1px;border-style:solid\">\n  AKTIVI\n  <\/td><td style=\"background-color:#dcf7f7; border:1px;border-style:solid\">\n  RUKOVODIOCI\n  <\/td><\/tr><tr><td style=\"border:1px;border-style:solid\">\n  1.\n  <\/td><td style=\"border:1px;border-style:solid\">   <strong>Aktiv   I razreda   <\/strong><\/td><td style=\"border:1px;border-style:solid\">   Azra Karda\u0161<\/td><\/tr><tr><td style=\"border:1px;border-style:solid\">\n  2.\n  <\/td><td style=\"border:1px;border-style:solid\">   <strong>Aktiv   II razreda<\/strong>   <\/td><td style=\"border:1px;border-style:solid\">   \u0110enana Kadija<\/td><\/tr><tr><td style=\"border:1px;border-style:solid\">\n  3.\n  <\/td><td style=\"border:1px;border-style:solid\">  <strong> Aktiv   III razreda <\/strong>  <\/td><td style=\"border:1px;border-style:solid\">  Umihana Zekovi\u0107 <\/td><\/tr><tr><td style=\"border:1px;border-style:solid\">\n  4.\n  <\/td><td style=\"border:1px;border-style:solid\">   <strong>Aktiv   IV razreda <\/strong>  <\/td><td style=\"border:1px;border-style:solid\">   Ilma Begi\u0107<\/td><\/tr><tr><td style=\"border:1px;border-style:solid\">\n  5.\n  <\/td><td style=\"border:1px;border-style:solid\">   <strong>Aktiv   V razreda<\/strong>   <\/td><td style=\"border:1px;border-style:solid\"> Fatima Smajlovi\u0107<\/td><\/tr><tr><td style=\"border:1px;border-style:solid\">\n  6.\n  <\/td><td style=\"border:1px;border-style:solid\">   <strong>Aktiv   bosanskog jezika i knji\u017eevnosti, hrvatskog jezika i knji\u017eevnosti, srpskog   jezika i knji\u017eevnosti i bibliotekara   <\/strong><\/td><td style=\"border:1px;border-style:solid\">Admira Dlouhi <\/td><\/tr><tr><td style=\"border:1px;border-style:solid\">\n  7.\n  <\/td><td style=\"border:1px;border-style:solid\">   <strong>Aktiv   stranog jezika <\/strong>  <\/td><td style=\"border:1px;border-style:solid\">Zakira Mulaomerovi\u0107<\/td><\/tr><tr><td style=\"border:1px;border-style:solid\">\n  8.\n  <\/td><td>   <strong>Aktiv matematike, fizike, tehni\u010dkog odgoja i informatike   <\/strong><\/td><td style=\"border:1px;border-style:solid\">   Emira Muhamedagi\u0107<\/td><\/tr><tr><td style=\"border:1px;border-style:solid\">\n  9.\n  <\/td><td style=\"border:1px;border-style:solid\"><strong>   Aktiv   historije, geografije i vjeronauke   <\/strong><\/td><td style=\"border:1px;border-style:solid\"> Nevzeta Red\u017eepagi\u0107 <\/td><\/tr><tr><td style=\"border:1px;border-style:solid\">\n  10.\n  <\/td><td style=\"border:1px;border-style:solid\">  <strong> Aktiv   biologije, hemije i kulture \u017eivljenja<\/strong>   <\/td><td style=\"border:1px;border-style:solid\">Emina Djedovi\u0107<\/td><\/tr><tr><td style=\"border:1px;border-style:solid\">\n  11.\n  <\/td><td style=\"border:1px;border-style:solid\">   <strong>Aktiv   muzi\u010dke\/glazbene kulture, likovne kulture, tjelesnog i zdravstvenog odgoja   <\/strong><\/td><td style=\"border:1px;border-style:solid\">\n  Amela Prnjavorac\n  <\/td><\/tr><\/tbody><\/table>\n","protected":false},"excerpt":{"rendered":"","protected":false},"author":1,"featured_media":0,"parent":77,"menu_order":5,"comment_status":"closed","ping_status":"closed","template":"","meta":{"ngg_post_thumbnail":0,"footnotes":""},"class_list":["post-30","page","type-page","status-publish","hentry"],"_links":{"self":[{"href":"https:\/\/osmp.edu.ba\/index.php?rest_route=\/wp\/v2\/pages\/30","targetHints":{"allow":["GET"]}}],"collection":[{"href":"https:\/\/osmp.edu.ba\/index.php?rest_route=\/wp\/v2\/pages"}],"about":[{"href":"https:\/\/osmp.edu.ba\/index.php?rest_route=\/wp\/v2\/types\/page"}],"author":[{"embeddable":true,"href":"https:\/\/osmp.edu.ba\/index.php?rest_route=\/wp\/v2\/users\/1"}],"replies":[{"embeddable":true,"href":"https:\/\/osmp.edu.ba\/index.php?rest_route=%2Fwp%2Fv2%2Fcomments&post=30"}],"version-history":[{"count":27,"href":"https:\/\/osmp.edu.ba\/index.php?rest_route=\/wp\/v2\/pages\/30\/revisions"}],"predecessor-version":[{"id":13513,"href":"https:\/\/osmp.edu.ba\/index.php?rest_route=\/wp\/v2\/pages\/30\/revisions\/13513"}],"up":[{"embeddable":true,"href":"https:\/\/osmp.edu.ba\/index.php?rest_route=\/wp\/v2\/pages\/77"}],"wp:attachment":[{"href":"https:\/\/osmp.edu.ba\/index.php?rest_route=%2Fwp%2Fv2%2Fmedia&parent=30"}],"curies":[{"name":"wp","href":"https:\/\/api.w.org\/{rel}","templated":true}]}}