{"id":34,"date":"2017-05-11T09:23:24","date_gmt":"2017-05-11T09:23:24","guid":{"rendered":"http:\/\/osmp.edu.ba\/?page_id=34"},"modified":"2026-04-04T13:17:28","modified_gmt":"2026-04-04T13:17:28","slug":"plan-nabavki","status":"publish","type":"page","link":"https:\/\/osmp.edu.ba\/?page_id=34","title":{"rendered":"Plan nabavki"},"content":{"rendered":"\n<b>\n<hr>\n\n\n\n<div class=\"wp-block-file\"><a style=\"background-color:#ebc0be\" href=\"http:\/\/osmp.edu.ba\/wp-content\/uploads\/2020\/04\/Plan-javnih-nabavki-za-2020.-godinu-1.pdf\">Plan javnih nabavki za 2020. godinu<\/a><a href=\"http:\/\/osmp.edu.ba\/wp-content\/uploads\/2020\/04\/Plan-javnih-nabavki-za-2020.-godinu-1.pdf\" class=\"wp-block-file__button\" download=\"\">Preuzmi<\/a><\/div>\n\n\n\n<p><\/p>\n\n\n\n<div class=\"wp-block-file\"><a style=\"background-color:#ebc0be\" href=\"http:\/\/osmp.edu.ba\/wp-content\/uploads\/2021\/06\/Plan-Javnih-nabavki-za-2021.-godinu.pdf\">Plan Javnih nabavki za 2021. godinu<\/a><a href=\"http:\/\/osmp.edu.ba\/wp-content\/uploads\/2021\/06\/Plan-Javnih-nabavki-za-2021.-godinu.pdf\" class=\"wp-block-file__button\" download=\"\">Preuzmi<\/a><\/div>\n\n\n\n<p><\/p>\n\n\n\n<div class=\"wp-block-file\"><a style=\"background-color:#ebc0be\" href=\"http:\/\/osmp.edu.ba\/wp-content\/uploads\/2021\/06\/Izmjena-plana-javnih-nabavki-za-2021.-min.pdf\">Izmjena plana javnih nabavki za 2021.<\/a><a href=\"http:\/\/osmp.edu.ba\/wp-content\/uploads\/2021\/06\/Izmjena-plana-javnih-nabavki-za-2021.-min.pdf\" class=\"wp-block-file__button\" download=\"\">Preuzmi<\/a><\/div>\n\n\n\n<p><\/p>\n\n\n\n<div class=\"wp-block-file\"><a style=\"background-color:#ebc0be\" href=\"http:\/\/osmp.edu.ba\/wp-content\/uploads\/2022\/03\/PLAN-JAVNIH-NABAVKI-ZA-2022._compressed.pdf\">Plan Javnih nabavki za 2022. godinu <\/a><a href=\"http:\/\/osmp.edu.ba\/wp-content\/uploads\/2022\/03\/PLAN-JAVNIH-NABAVKI-ZA-2022._compressed.pdf\" class=\"wp-block-file__button\" download=\"\">Preuzmi<\/a><\/div>\n\n\n\n<p><\/p>\n\n\n\n<div class=\"wp-block-file\"><a style=\"background-color:#ebc0be\" href=\"http:\/\/osmp.edu.ba\/wp-content\/uploads\/2022\/08\/Odluka-o-izboru-najpovoljnijeg-ponu\u0111a\u010da-za-javnu-nabavku-usluga-prevoza-u\u010denika-1.pdf\">Odluka o izboru najpovoljnijeg ponu\u0111a\u010da za javnu nabavku usluga prevoza u\u010denika<\/a><a href=\"http:\/\/osmp.edu.ba\/wp-content\/uploads\/2022\/08\/Odluka-o-izboru-najpovoljnijeg-ponu\u0111a\u010da-za-javnu-nabavku-usluga-prevoza-u\u010denika-1.pdf\" class=\"wp-block-file__button\" download=\"\">Preuzmi<\/a><\/div>\n\n\n\n<p><\/p>\n\n\n\n<div class=\"wp-block-file\"><a style=\"background-color:#ebc0be\" href=\"http:\/\/osmp.edu.ba\/wp-content\/uploads\/2023\/01\/Izmjena-Plana-javnih-nabavki-\u0161kole-2022.-god.pdf\">Izmjena Plana javnih nabavki \u0161kole 2022. god<\/a><a href=\"http:\/\/osmp.edu.ba\/wp-content\/uploads\/2023\/01\/Izmjena-Plana-javnih-nabavki-\u0161kole-2022.-god.pdf\" class=\"wp-block-file__button\" download=\"\">Preuzmi<\/a><\/div>\n\n\n\n<p><\/p>\n\n\n\n<div class=\"wp-block-file\"><a style=\"background-color:#ebc0be\" href=\"http:\/\/osmp.edu.ba\/wp-content\/uploads\/2023\/04\/Odluka-o-izmjenama-i-dopunama-Privremenog-plana-nabavki.pdf\">Odluka o izmjenama i dopunama Privremenog plana nabavki<\/a><a href=\"http:\/\/osmp.edu.ba\/wp-content\/uploads\/2023\/04\/Odluka-o-izmjenama-i-dopunama-Privremenog-plana-nabavki.pdf\" class=\"wp-block-file__button\" download=\"\">Preuzmi<\/a><\/div>\n\n\n\n<p><\/p>\n\n\n\n<div class=\"wp-block-file\"><a style=\"background-color:#ebc0be\" href=\"http:\/\/osmp.edu.ba\/wp-content\/uploads\/2023\/04\/Privremeni-plan-nabavki.pdf\">Privremeni plan nabavki<\/a><a href=\"http:\/\/osmp.edu.ba\/wp-content\/uploads\/2023\/04\/Privremeni-plan-nabavki.pdf\" class=\"wp-block-file__button\" download=\"\">Preuzmi<\/a><\/div>\n\n\n\n<p><\/p>\n\n\n\n<p><\/p>\n\n\n\n<div class=\"wp-block-file\"><a style=\"background-color:#ebc0be\" href=\"http:\/\/osmp.edu.ba\/wp-content\/uploads\/2023\/05\/Odluka-o-usvajanju-Plana-javnih-nabavki-za-2023.-godinu.pdf\">Odluka o usvajanju Plana javnih nabavki za 2023. godinu<\/a><a href=\"http:\/\/osmp.edu.ba\/wp-content\/uploads\/2023\/05\/Odluka-o-usvajanju-Plana-javnih-nabavki-za-2023.-godinu.pdf\" class=\"wp-block-file__button\" download=\"\">Preuzmi<\/a><\/div>\n\n\n\n<p><\/p>\n\n\n\n<div class=\"wp-block-file\"><a style=\"background-color:#ebc0be\" href=\"http:\/\/osmp.edu.ba\/wp-content\/uploads\/2023\/06\/Plan-Javnih-nabavki-za-2023.-godinu.pdf\">Plan javnih nabavki za 2023. godinu<\/a><a href=\"http:\/\/osmp.edu.ba\/wp-content\/uploads\/2023\/06\/Plan-Javnih-nabavki-za-2023.-godinu.pdf\" class=\"wp-block-file__button\" download=\"\">Preuzmi<\/a><\/div>\n\n\n\n<div class=\"wp-block-file\"><a style=\"background-color:#ebc0be\" href=\"http:\/\/osmp.edu.ba\/wp-content\/uploads\/2023\/05\/Izmjene-i-dopune-Plana-javnih-nabavki-za-2023.-godinu.pdf\">Izmjene i dopune Plana javnih nabavki za 2023. godinu<\/a><a href=\"http:\/\/osmp.edu.ba\/wp-content\/uploads\/2023\/05\/Izmjene-i-dopune-Plana-javnih-nabavki-za-2023.-godinu.pdf\" class=\"wp-block-file__button\" download=\"\">Preuzmi<\/a><\/div>\n\n\n\n<div class=\"wp-block-file\"><a style=\"background-color:#ebc0be\" href=\"http:\/\/osmp.edu.ba\/wp-content\/uploads\/2023\/06\/Izmjene-i-dopune-Plana-JN-za-2023.-godinu-jun-2023..pdf\">Izmjene i dopune Plana JN za 2023. godinu &#8211; jun 2023.<\/a><a href=\"http:\/\/osmp.edu.ba\/wp-content\/uploads\/2023\/06\/Izmjene-i-dopune-Plana-JN-za-2023.-godinu-jun-2023..pdf\" class=\"wp-block-file__button\" download=\"\">Preuzmi<\/a><\/div>\n\n\n\n<div class=\"wp-block-file\"><a style=\"background-color:#ebc0be\" href=\"http:\/\/osmp.edu.ba\/wp-content\/uploads\/2023\/06\/Izmjene-i-dopune-Plana-JN-za-2023.-godinu-30.06.2023.pdf\">Izmjene i dopune Plana JN za 2023. godinu &#8211; 30.06.2023<\/a><a href=\"http:\/\/osmp.edu.ba\/wp-content\/uploads\/2023\/06\/Izmjene-i-dopune-Plana-JN-za-2023.-godinu-30.06.2023.pdf\" class=\"wp-block-file__button\" download=\"\">Preuzmi<\/a><\/div>\n\n\n\n<div class=\"wp-block-file\"><a style=\"background-color:#ebc0be\" href=\"http:\/\/osmp.edu.ba\/wp-content\/uploads\/2023\/12\/Izmjene-i-dopune-Plana-JN-17.07.2023..pdf\">Izmjene i dopune Plana JN &#8211; 17.07.2023.<\/a><a href=\"http:\/\/osmp.edu.ba\/wp-content\/uploads\/2023\/12\/Izmjene-i-dopune-Plana-JN-17.07.2023..pdf\" class=\"wp-block-file__button\" download=\"\">Preuzmi<\/a><\/div>\n\n\n\n<p><\/p>\n\n\n\n<div class=\"wp-block-file\"><a style=\"background-color:#ebc0be\" href=\"http:\/\/osmp.edu.ba\/wp-content\/uploads\/2023\/08\/Odluka-o-izboru-najpovoljnijeg-ponu\u0111a\u010da-prevoz-u\u010denika_20230817_0001.pdf\">Odluka o izboru najpovoljnijeg ponu\u0111a\u010da &#8211; prevoz u\u010denika_17.08.2023.<\/a><a href=\"http:\/\/osmp.edu.ba\/wp-content\/uploads\/2023\/08\/Odluka-o-izboru-najpovoljnijeg-ponu\u0111a\u010da-prevoz-u\u010denika_20230817_0001.pdf\" class=\"wp-block-file__button\" download=\"\">Preuzmi<\/a><\/div>\n\n\n\n<div class=\"wp-block-file\"><a style=\"background-color:#ebc0be\" href=\"http:\/\/osmp.edu.ba\/wp-content\/uploads\/2023\/08\/Odluka-o-izboru-najpovoljnijeg-ponu\u0111a\u010da-ud\u017ebenici-od-I-do-IV-raz_17.08.2023..pdf\">Odluka o izboru najpovoljnijeg ponu\u0111a\u010da &#8211; ud\u017ebenici od I do IV razreda_17.08.2023.<\/a><a href=\"http:\/\/osmp.edu.ba\/wp-content\/uploads\/2023\/08\/Odluka-o-izboru-najpovoljnijeg-ponu\u0111a\u010da-ud\u017ebenici-od-I-do-IV-raz_17.08.2023..pdf\" class=\"wp-block-file__button\" download=\"\">Preuzmi<\/a><\/div>\n\n\n\n<div class=\"wp-block-file\"><a style=\"background-color:#ebc0be\" href=\"http:\/\/osmp.edu.ba\/wp-content\/uploads\/2023\/12\/Izmjene-i-dopune-Plana-JN-28.09.2023..pdf\">Izmjene i dopune Plana JN &#8211; 28.09.2023.<\/a><a href=\"http:\/\/osmp.edu.ba\/wp-content\/uploads\/2023\/12\/Izmjene-i-dopune-Plana-JN-28.09.2023..pdf\" class=\"wp-block-file__button\" download=\"\">Preuzmi<\/a><\/div>\n\n\n\n<p><\/p>\n\n\n\n<div class=\"wp-block-file\"><a style=\"background-color:#ebc0be\" href=\"http:\/\/osmp.edu.ba\/wp-content\/uploads\/2023\/12\/Izmjene-i-dopune-Plana-JN-20.10.2023..pdf\">Izmjene i dopune Plana JN &#8211; 20.10.2023.<\/a><a href=\"http:\/\/osmp.edu.ba\/wp-content\/uploads\/2023\/12\/Izmjene-i-dopune-Plana-JN-20.10.2023..pdf\" class=\"wp-block-file__button\" download=\"\">Preuzmi<\/a><\/div>\n\n\n\n<div class=\"wp-block-file\"><a style=\"background-color:#ebc0be\" href=\"http:\/\/osmp.edu.ba\/wp-content\/uploads\/2023\/12\/Izmjene-i-dopune-Plana-JN-14.12.2023..pdf\">Izmjene i dopune Plana JN &#8211; 14.12.2023.<\/a><a href=\"http:\/\/osmp.edu.ba\/wp-content\/uploads\/2023\/12\/Izmjene-i-dopune-Plana-JN-14.12.2023..pdf\" class=\"wp-block-file__button\" download=\"\">Preuzmi<\/a><\/div>\n\n\n\n<div class=\"wp-block-file\"><a style=\"background-color:#ebc0be\" href=\"http:\/\/osmp.edu.ba\/wp-content\/uploads\/2024\/01\/Izmjene-i-dopune-Plana-JN-27.12.2023.pdf\">Izmjene i dopune Plana JN &#8211; 27.12.2023<\/a><a href=\"http:\/\/osmp.edu.ba\/wp-content\/uploads\/2024\/01\/Izmjene-i-dopune-Plana-JN-27.12.2023.pdf\" class=\"wp-block-file__button\" download=\"\">Preuzmi<\/a><\/div>\n\n\n\n<div class=\"wp-block-file\"><a style=\"background-color:#ebc0be\" href=\"http:\/\/osmp.edu.ba\/wp-content\/uploads\/2024\/02\/Plan-javnih-nabavki-za-2024.-godinu.pdf\">Plan javnih nabavki za 2024. godinu<\/a><a href=\"http:\/\/osmp.edu.ba\/wp-content\/uploads\/2024\/02\/Plan-javnih-nabavki-za-2024.-godinu.pdf\" class=\"wp-block-file__button\" download=\"\">Preuzmi<\/a><\/div>\n\n\n\n<div class=\"wp-block-file\"><a style=\"background-color:#ebc0be\" href=\"http:\/\/osmp.edu.ba\/wp-content\/uploads\/2024\/03\/Odluka-o-izboru-najpovoljnijeg-ponu\u0111a\u010da-\u0160kola-u-prirodi.pdf\">Odluka o izboru najpovoljnijeg ponu\u0111a\u010da &#8211; \u0160kola u prirodi<\/a><a href=\"http:\/\/osmp.edu.ba\/wp-content\/uploads\/2024\/03\/Odluka-o-izboru-najpovoljnijeg-ponu\u0111a\u010da-\u0160kola-u-prirodi.pdf\" class=\"wp-block-file__button\" download=\"\">Preuzmi<\/a><\/div>\n\n\n\n<div class=\"wp-block-file\"><a style=\"background-color:#ebc0be\" href=\"http:\/\/osmp.edu.ba\/wp-content\/uploads\/2024\/03\/Izmjene-i-dopune-Plana-JN-za-2024.-godinu-28.02.2024..pdf\">Izmjene i dopune Plana JN za 2024. godinu  &#8211; 28.02.2024.<\/a><a href=\"http:\/\/osmp.edu.ba\/wp-content\/uploads\/2024\/03\/Izmjene-i-dopune-Plana-JN-za-2024.-godinu-28.02.2024..pdf\" class=\"wp-block-file__button\" download=\"\">Preuzmi<\/a><\/div>\n\n\n\n<div class=\"wp-block-file\"><a style=\"background-color:#ebc0be\" href=\"http:\/\/osmp.edu.ba\/wp-content\/uploads\/2024\/04\/Odluka-o-usvajanju-\u017ealbe.pdf\">Odluka o usvajanju \u017ealbe<\/a><a href=\"http:\/\/osmp.edu.ba\/wp-content\/uploads\/2024\/04\/Odluka-o-usvajanju-\u017ealbe.pdf\" class=\"wp-block-file__button\" download=\"\">Preuzmi<\/a><\/div>\n\n\n\n<div class=\"wp-block-file\"><a style=\"background-color:#ebc0be\" href=\"http:\/\/osmp.edu.ba\/wp-content\/uploads\/2024\/04\/Izmjene-i-dopune-Plana-JN-05.04.2024..pdf\">Izmjene i dopune Plana JN &#8211; 05.04.2024.<\/a><a href=\"http:\/\/osmp.edu.ba\/wp-content\/uploads\/2024\/04\/Izmjene-i-dopune-Plana-JN-05.04.2024..pdf\" class=\"wp-block-file__button\" download=\"\">Preuzmi<\/a><\/div>\n\n\n\n<div class=\"wp-block-file\"><a style=\"background-color:#ebc0be\" href=\"http:\/\/osmp.edu.ba\/wp-content\/uploads\/2024\/04\/Odluka-o-izboru-najpovoljnijeg-ponu\u0111a\u010da-\u0160kola-u-prirodi-12.04.2024.-god..pdf\">Odluka o izboru najpovoljnijeg ponu\u0111a\u010da \u0160kola u prirodi &#8211; 12.04.2024. god.<\/a><a href=\"http:\/\/osmp.edu.ba\/wp-content\/uploads\/2024\/04\/Odluka-o-izboru-najpovoljnijeg-ponu\u0111a\u010da-\u0160kola-u-prirodi-12.04.2024.-god..pdf\" class=\"wp-block-file__button\" download=\"\">Preuzmi<\/a><\/div>\n\n\n\n<div class=\"wp-block-file\"><a style=\"background-color:#ebc0be\" href=\"http:\/\/osmp.edu.ba\/wp-content\/uploads\/2024\/07\/Izmjene-i-dopune-Plana-JN-za-2024.-godinu-01.07.2024.pdf\">Izmjene i dopune Plana JN za 2024. godinu &#8211; 01.07.2024<\/a><a href=\"http:\/\/osmp.edu.ba\/wp-content\/uploads\/2024\/07\/Izmjene-i-dopune-Plana-JN-za-2024.-godinu-01.07.2024.pdf\" class=\"wp-block-file__button\" download=\"\">Preuzmi<\/a><\/div>\n\n\n\n<div class=\"wp-block-file\"><a style=\"background-color:#ebc0be\" href=\"http:\/\/osmp.edu.ba\/wp-content\/uploads\/2024\/07\/Odluka-o-izboru-najpovoljnijeg-ponu\u0111a\u010da-prevoz-u\u010denika.pdf\">Odluka o izboru najpovoljnijeg ponu\u0111a\u010da &#8211; prevoz u\u010denika<\/a><a href=\"http:\/\/osmp.edu.ba\/wp-content\/uploads\/2024\/07\/Odluka-o-izboru-najpovoljnijeg-ponu\u0111a\u010da-prevoz-u\u010denika.pdf\" class=\"wp-block-file__button\" download=\"\">Preuzmi<\/a><\/div>\n\n\n\n<div class=\"wp-block-file\"><a style=\"background-color:#ebc0be\" href=\"http:\/\/osmp.edu.ba\/wp-content\/uploads\/2024\/07\/Izmjene-i-dopune-Plana-JN-za-2024.-godinu-08.07.2024..pdf\">Izmjene i dopune Plana JN za 2024. godinu &#8211; 08.07.2024.<\/a><a href=\"http:\/\/osmp.edu.ba\/wp-content\/uploads\/2024\/07\/Izmjene-i-dopune-Plana-JN-za-2024.-godinu-08.07.2024..pdf\" class=\"wp-block-file__button\" download=\"\">Preuzmi<\/a><\/div>\n\n\n\n<div class=\"wp-block-file\"><a style=\"background-color:#ebc0be\" href=\"http:\/\/osmp.edu.ba\/wp-content\/uploads\/2024\/07\/Odluka-o-izboru-najpovoljnijeg-ponu\u0111a\u010da-ud\u017ebenici_20240719.pdf\">Odluka o izboru najpovoljnijeg ponu\u0111a\u010da &#8211; ud\u017ebenici_20240719<\/a><a href=\"http:\/\/osmp.edu.ba\/wp-content\/uploads\/2024\/07\/Odluka-o-izboru-najpovoljnijeg-ponu\u0111a\u010da-ud\u017ebenici_20240719.pdf\" class=\"wp-block-file__button\" download=\"\">Preuzmi<\/a><\/div>\n\n\n\n<div class=\"wp-block-file\"><a style=\"background-color:#ebc0be\" href=\"http:\/\/osmp.edu.ba\/wp-content\/uploads\/2024\/08\/Izmjene-i-dopune-Plana-JN-za-2024.-godinu-08.08.2024.pdf\">Izmjene i dopune Plana JN za 2024. godinu &#8211; 08.08.2024<\/a><a href=\"http:\/\/osmp.edu.ba\/wp-content\/uploads\/2024\/08\/Izmjene-i-dopune-Plana-JN-za-2024.-godinu-08.08.2024.pdf\" class=\"wp-block-file__button\" download=\"\">Preuzmi<\/a><\/div>\n\n\n\n<div class=\"wp-block-file\"><a style=\"background-color:#ebc0be\" href=\"http:\/\/osmp.edu.ba\/wp-content\/uploads\/2024\/09\/Izmjene-i-dopune-Plana-JN-28.08.2024..pdf\">Izmjene i dopune Plana JN &#8211; 28.08.2024.<\/a><a href=\"http:\/\/osmp.edu.ba\/wp-content\/uploads\/2024\/09\/Izmjene-i-dopune-Plana-JN-28.08.2024..pdf\" class=\"wp-block-file__button\" download=\"\">Preuzmi<\/a><\/div>\n\n\n\n<div class=\"wp-block-file\"><a style=\"background-color:#ebc0be\" href=\"http:\/\/osmp.edu.ba\/wp-content\/uploads\/2024\/09\/Izmjene-i-dopune-Plana-JN-za-2024.-godinu-02.09.2024.pdf\">Izmjene i dopune Plana JN za 2024. godinu &#8211; 02.09.2024<\/a><a href=\"http:\/\/osmp.edu.ba\/wp-content\/uploads\/2024\/09\/Izmjene-i-dopune-Plana-JN-za-2024.-godinu-02.09.2024.pdf\" class=\"wp-block-file__button\" download=\"\">Preuzmi<\/a><\/div>\n\n\n\n<div class=\"wp-block-file\"><a style=\"background-color:#ebc0be\" href=\"http:\/\/osmp.edu.ba\/wp-content\/uploads\/2024\/10\/Izmjene-i-dopune-Plana-JN-za-2024.-godinu-22.10.2024.-godine.pdf\">Izmjene i dopune Plana JN za 2024. godinu &#8211; 22.10.2024. godine<\/a><a href=\"http:\/\/osmp.edu.ba\/wp-content\/uploads\/2024\/10\/Izmjene-i-dopune-Plana-JN-za-2024.-godinu-22.10.2024.-godine.pdf\" class=\"wp-block-file__button\" download=\"\">Preuzmi<\/a><\/div>\n\n\n\n<div class=\"wp-block-file\"><a style=\"background-color:#ebc0be\" href=\"http:\/\/osmp.edu.ba\/wp-content\/uploads\/2024\/12\/Izmjene-i-dopune-Plana-nabavki-za-2024.-godinu-20.12.2024.-godine.pdf\">Izmjene i dopune Plana nabavki za 2024. godinu &#8211; 20.12.2024. godine<\/a><a href=\"http:\/\/osmp.edu.ba\/wp-content\/uploads\/2024\/12\/Izmjene-i-dopune-Plana-nabavki-za-2024.-godinu-20.12.2024.-godine.pdf\" class=\"wp-block-file__button\" download>Preuzmi<\/a><\/div>\n\n\n\n<div class=\"wp-block-file\"><a style=\"background-color:#ebc0be\"  href=\"http:\/\/osmp.edu.ba\/wp-content\/uploads\/2025\/01\/PRIVREMENI-PLAN-JAVNIH-NABAVKI-2025.-GODINA.pdf\">PRIVREMENI PLAN JAVNIH NABAVKI 2025. GODINA<\/a><a href=\"http:\/\/osmp.edu.ba\/wp-content\/uploads\/2025\/01\/PRIVREMENI-PLAN-JAVNIH-NABAVKI-2025.-GODINA.pdf\" class=\"wp-block-file__button\" download>Preuzmi<\/a><\/div>\n\n\n\n<div class=\"wp-block-columns is-layout-flex wp-container-core-columns-is-layout-28f84493 wp-block-columns-is-layout-flex\">\n<div class=\"wp-block-column is-layout-flow wp-block-column-is-layout-flow\" style=\"flex-basis:100%\">\n<div class=\"wp-block-file\"><a style=\"background-color:#ebc0be\"  href=\"https:\/\/osmp.edu.ba\/wp-content\/uploads\/2025\/05\/Plan-javnih-nabavki-za-2025.-godinnu.pdf\">PLAN JAVNIH NABAVKI 2025. GODINA<\/a><a href=\"https:\/\/osmp.edu.ba\/wp-content\/uploads\/2025\/04\/Plan-javnih-nabavki-za-2025.-godinu.pdf\" class=\"wp-block-file__button\" download>Preuzmi<\/a><\/div>\n\n\n\n<div class=\"wp-block-file\"><a style=\"background-color:#ebc0be\"  href=\"https:\/\/osmp.edu.ba\/wp-content\/uploads\/2025\/06\/Izmjena-i-dopuna-Plana-javnih-nabavki-za-2025.-godinu-23.05.2025-1.pdf\"> IZMJENE I DOPUNE PLAN JAVNIH NABAVKI 2025._23.05.GODINA<\/a><a href=\"https:\/\/osmp.edu.ba\/wp-content\/uploads\/2025\/06\/Izmjena-i-dopuna-Plana-javnih-nabavki-za-2025.-godinu-23.05.2025-1.pdf\" class=\"wp-block-file__button\" download>Preuzmi<\/a><\/div>\n\n\n\n<div class=\"wp-block-file\"><a style=\"background-color:#ebc0be\"  href=\"https:\/\/osmp.edu.ba\/wp-content\/uploads\/2025\/06\/Odluka-o-izboru-najpovoljnijeg-ponudjaca-udzbenici.pdf\"> ODLUKA O IZBORU NAJPOVOLJNIJEG PONU\u0110A\u010cA &#8211; UD\u017dBENICI<\/a><a href=\"https:\/\/osmp.edu.ba\/wp-content\/uploads\/2025\/06\/Odluka-o-izboru-najpovoljnijeg-ponudjaca-udzbenici.pdf\" class=\"wp-block-file__button\" download>Preuzmi<\/a><\/div>\n\n\n\n<div class=\"wp-block-file\"><a style=\"background-color:#ebc0be\"  href=\"https:\/\/osmp.edu.ba\/wp-content\/uploads\/2025\/06\/Odluka-o-ponistenju-postupka-lot.pdf\"> ODLUKA O PONI\u0160TENJU POSTUPKA &#8211; LOT<\/a><a href=\"https:\/\/osmp.edu.ba\/wp-content\/uploads\/2025\/06\/Odluka-o-ponistenju-postupka-lot.pdf\" class=\"wp-block-file__button\" download>Preuzmi<\/a><\/div>\n\n\n\n<div class=\"wp-block-file\"><a style=\"background-color:#ebc0be\"  href=\"https:\/\/osmp.edu.ba\/wp-content\/uploads\/2025\/06\/Izmjene-i-dopune-Plana-JN-24.06.2025.pdf\"> IZMJENE I DOPUNE PLANA JAVNIH NABAVKI &#8211; 24.06.2025.<\/a><a href=\"https:\/\/osmp.edu.ba\/wp-content\/uploads\/2025\/06\/Izmjene-i-dopune-Plana-JN-24.06.2025.pdf\" class=\"wp-block-file__button\" download>Preuzmi<\/a><\/div>\n\n\n\n<div class=\"wp-block-file\"><a style=\"background-color:#ebc0be\"  href=\"https:\/\/osmp.edu.ba\/wp-content\/uploads\/2025\/07\/Izmjene-i-dopune-Plana-javnih-nabavki-08.07.2025.pdf\"> Izmjene i dopune Plana javnih nabavki &#8211; 08.07.2025<\/a><a href=\"https:\/\/osmp.edu.ba\/wp-content\/uploads\/2025\/07\/Izmjene-i-dopune-Plana-javnih-nabavki-08.07.2025.pdf\" class=\"wp-block-file__button\" download>Preuzmi<\/a><\/div>\n\n\n\n<div class=\"wp-block-file\"><a style=\"background-color:#ebc0be\"  href=\"https:\/\/osmp.edu.ba\/wp-content\/uploads\/2025\/09\/Izmjene-i-dopune-Plana-javnih-nabavki-08.09.2025.pdf\"> Izmjene i dopune Plana javnih nabavki &#8211; 08.09.2025<\/a><a href=\"https:\/\/osmp.edu.ba\/wp-content\/uploads\/2025\/09\/Izmjene-i-dopune-Plana-javnih-nabavki-08.09.2025.pdf\" class=\"wp-block-file__button\" download>Preuzmi<\/a><\/div>\n\n\n\n<div class=\"wp-block-file\"><a style=\"background-color:#ebc0be\"  href=\"https:\/\/osmp.edu.ba\/wp-content\/uploads\/2025\/11\/Izmjene-i-dopune-Plana-javnih-nabavki-14.11.2025.-godine.pdf\"> Izmjene i dopune Plana javnih nabavki &#8211; 14.11.2025<\/a><a href=\"https:\/\/osmp.edu.ba\/wp-content\/uploads\/2025\/11\/Izmjene-i-dopune-Plana-javnih-nabavki-14.11.2025.-godine.pdf\" class=\"wp-block-file__button\" download>Preuzmi<\/a><\/div>\n\n\n\n<div class=\"wp-block-file\"><a style=\"background-color:#ebc0be\"  href=\"https:\/\/osmp.edu.ba\/wp-content\/uploads\/2026\/01\/Plan-javnih-nabavki-za-2026.-godinu.pdf\"> Plan javnih nabavki za 2026. godinu<\/a><a href=\"https:\/\/osmp.edu.ba\/wp-content\/uploads\/2026\/01\/Plan-javnih-nabavki-za-2026.-godinu.pdf\" class=\"wp-block-file__button\" download>Preuzmi<\/a><\/div>\n\n\n\n<div class=\"wp-block-file\"><a style=\"background-color:#ebc0be\"  href=\"https:\/\/osmp.edu.ba\/wp-content\/uploads\/2026\/02\/Izmjene-i-dopune-Plana-JN-za-2026.-godinu-18.02.2026.pdf\"> Izmjene i dopune plana javnih nabavki za 2026. godinu-18.02.2026.<\/a><a href=\"https:\/\/osmp.edu.ba\/wp-content\/uploads\/2026\/02\/Izmjene-i-dopune-Plana-JN-za-2026.-godinu-18.02.2026.pdf\" class=\"wp-block-file__button\" download>Preuzmi<\/a><\/div>\n\n\n\n<div class=\"wp-block-file\"><a style=\"background-color:#ebc0be\"  href=\"https:\/\/osmp.edu.ba\/wp-content\/uploads\/2026\/04\/Izmjene-i-dopune-Plana-javnih-nabavki-25.03.2026.pdf\"> Izmjene i dopune Plana javnih nabavki &#8211; 25.03.2026.<\/a><a href=\"https:\/\/osmp.edu.ba\/wp-content\/uploads\/2026\/04\/Izmjene-i-dopune-Plana-javnih-nabavki-25.03.2026.pdf\" class=\"wp-block-file__button\" download>Preuzmi<\/a><\/div>\n<\/div>\n<\/div>\n\n\n\n<p><\/p>\n\n\n<p><iframe src=\"https:\/\/www.anticorrupiks.com\/\/institucija\/EFA523B3-DBFF-BE43-8BAD-E357DA114792\/registar-javnih-nabavki\" width=\"640\" height=\"720\"> <\/iframe><\/p>\n<h2>&nbsp;<\/h2>\n<h2>&nbsp;<\/h2>\n<h2>&nbsp;<\/h2>\n\n\n<p><\/p>\n","protected":false},"excerpt":{"rendered":"<p>Plan javnih nabavki za 2020. godinuPreuzmi Plan Javnih nabavki za 2021. godinuPreuzmi Izmjena plana javnih&#8230;<\/p>\n","protected":false},"author":1,"featured_media":0,"parent":0,"menu_order":7,"comment_status":"closed","ping_status":"closed","template":"","meta":{"ngg_post_thumbnail":0,"footnotes":""},"class_list":["post-34","page","type-page","status-publish","hentry"],"_links":{"self":[{"href":"https:\/\/osmp.edu.ba\/index.php?rest_route=\/wp\/v2\/pages\/34","targetHints":{"allow":["GET"]}}],"collection":[{"href":"https:\/\/osmp.edu.ba\/index.php?rest_route=\/wp\/v2\/pages"}],"about":[{"href":"https:\/\/osmp.edu.ba\/index.php?rest_route=\/wp\/v2\/types\/page"}],"author":[{"embeddable":true,"href":"https:\/\/osmp.edu.ba\/index.php?rest_route=\/wp\/v2\/users\/1"}],"replies":[{"embeddable":true,"href":"https:\/\/osmp.edu.ba\/index.php?rest_route=%2Fwp%2Fv2%2Fcomments&post=34"}],"version-history":[{"count":115,"href":"https:\/\/osmp.edu.ba\/index.php?rest_route=\/wp\/v2\/pages\/34\/revisions"}],"predecessor-version":[{"id":14403,"href":"https:\/\/osmp.edu.ba\/index.php?rest_route=\/wp\/v2\/pages\/34\/revisions\/14403"}],"wp:attachment":[{"href":"https:\/\/osmp.edu.ba\/index.php?rest_route=%2Fwp%2Fv2%2Fmedia&parent=34"}],"curies":[{"name":"wp","href":"https:\/\/api.w.org\/{rel}","templated":true}]}}