{"id":53,"date":"2017-05-11T12:08:37","date_gmt":"2017-05-11T12:08:37","guid":{"rendered":"http:\/\/osmp.edu.ba\/?page_id=53"},"modified":"2025-09-19T21:34:24","modified_gmt":"2025-09-19T21:34:24","slug":"slobodne-aktivnosti-sekcije","status":"publish","type":"page","link":"https:\/\/osmp.edu.ba\/?page_id=53","title":{"rendered":"VANNASTAVNE AKTIVNOSTI"},"content":{"rendered":"\n<p class=\"has-background\" style=\"background-color:#d6eaf3;font-size:17px\">Na\u0161i vrijedni nastavnici\/e, u\u010ditelji\/ce uvijek na\u0111u vremena za svoje u\u010denike koji su vo\u0111eni idejom da nau\u010de vi\u0161e ili samo da malo ponove ono \u0161to su zaboravili. Od dodatnih, dopunskih pa do raznih neobi\u010dnih sekcija, na\u0161a \u0161kola ve\u0107 dugi niz godina oslu\u0161kuje potrebe djece za razli\u010ditim oblicima vannastavnih aktivnosti. Shodno tome, nastavit \u0107emo u tom duhu ostvarivanja i gra\u0111enja snova na\u0161ih u\u010denika. <\/p>\n\n\n\n<figure class=\"wp-block-image\"><img fetchpriority=\"high\" decoding=\"async\" width=\"1024\" height=\"200\" src=\"http:\/\/osmp.edu.ba\/wp-content\/uploads\/2023\/11\/sekcije_radna25-1024x200.png\" alt=\"\" class=\"wp-image-8816\" srcset=\"https:\/\/osmp.edu.ba\/wp-content\/uploads\/2023\/11\/sekcije_radna25-1024x200.png 1024w, https:\/\/osmp.edu.ba\/wp-content\/uploads\/2023\/11\/sekcije_radna25-300x59.png 300w, https:\/\/osmp.edu.ba\/wp-content\/uploads\/2023\/11\/sekcije_radna25-768x150.png 768w\" sizes=\"(max-width: 1024px) 100vw, 1024px\" \/><\/figure>\n\n\n\n<figure class=\"wp-block-image\"><img decoding=\"async\" width=\"1024\" height=\"206\" src=\"http:\/\/osmp.edu.ba\/wp-content\/uploads\/2023\/11\/sekcije_radna23-1024x206.png\" alt=\"\" class=\"wp-image-8817\" srcset=\"https:\/\/osmp.edu.ba\/wp-content\/uploads\/2023\/11\/sekcije_radna23-1024x206.png 1024w, https:\/\/osmp.edu.ba\/wp-content\/uploads\/2023\/11\/sekcije_radna23-300x60.png 300w, https:\/\/osmp.edu.ba\/wp-content\/uploads\/2023\/11\/sekcije_radna23-768x154.png 768w\" sizes=\"(max-width: 1024px) 100vw, 1024px\" \/><\/figure>\n\n\n\n<p class=\"has-white-color has-blush-bordeaux-gradient-background has-text-color has-background has-link-color wp-elements-3e7353d004bd709ec0e904d31780651c\" style=\"font-size:23px\"><strong>PREDMETNA NASTAVA:<\/strong><\/p>\n\n\n\n<p class=\"has-pale-ocean-gradient-background has-background has-medium-font-size\"><strong>DODATNA NASTAVA:<\/strong><\/p>\n\n\n\n<figure class=\"wp-block-table\"><table class=\"has-fixed-layout\"><tbody><tr><td><strong>REDNI<\/strong> <strong>BROJ<\/strong><\/td><td><strong>Ime i prezime nastavnika<\/strong><\/td><td><strong>Naziv predmeta<\/strong><\/td><td><strong>Dan<\/strong><\/td><td><strong>Vrijeme odr\u017eavanja<\/strong><\/td><\/tr><tr><td>\u00a01.<\/td><td>Amira Dru\u0161ki\u0107 Vla\u0161ki<\/td><td>BHS<\/td><td>petak<\/td><td>13:15-14:00<\/td><\/tr><tr><td>\u00a02.<\/td><td>Elvira Roka<\/td><td>BHS<\/td><td>srijeda<\/td><td>13:30-14:15<\/td><\/tr><tr><td>\u00a03.<\/td><td>Belma Kadri\u0107<\/td><td>BHS<\/td><td>petak<\/td><td>12:30-13:15<\/td><\/tr><tr><td>\u00a04.<\/td><td>Sanela Nurki\u0107<\/td><td>Engleski jezika<\/td><td>utorak<\/td><td>13:30-14:15<\/td><\/tr><tr><td>\u00a05.<\/td><td>Lejla \u010cehi\u0107<\/td><td>Njema\u010dki jezik<\/td><td>utotak<\/td><td>13:30-14:15<\/td><\/tr><tr><td>\u00a06.<\/td><td>Salko Avdi\u0107<\/td><td>Matematika<\/td><td>\u010detvrtak<\/td><td>13:30-14:15<\/td><\/tr><tr><td>\u00a07.<\/td><td>Ai\u0161a Halilovi\u0107<\/td><td>Matematika<\/td><td>utotak<\/td><td>14:20-15:05<\/td><\/tr><tr><td>\u00a08.<\/td><td>Aida Maci\u0107<\/td><td>Matematika<\/td><td>srijeda<\/td><td>08:00-08:45<\/td><\/tr><tr><td>\u00a09.<\/td><td>Emira Muhamedagi\u0107<\/td><td>Matematika<\/td><td>srijeda<\/td><td>14:20-15:05<\/td><\/tr><tr><td>\u00a010.<\/td><td>Selma Agi\u0107<\/td><td>Informatika<\/td><td>petak<\/td><td>12:30-13:15<\/td><\/tr><tr><td>\u00a011.<\/td><td>Adna Ko\u017eljak-\u010cutura<\/td><td>Historija<\/td><td>ponedjeljak<\/td><td>13:30-14:15<\/td><\/tr><tr><td>\u00a012.<\/td><td>Amela Buljuba\u0161i\u0107<\/td><td>Geografija<\/td><td>utorak<\/td><td>13:30-14:15<\/td><\/tr><tr><td>\u00a013.<\/td><td>Amira Kulovac<\/td><td>Hemija<\/td><td>ponedjeljak<\/td><td>13:30-14:15<\/td><\/tr><\/tbody><\/table><\/figure>\n\n\n\n<p class=\"has-luminous-vivid-amber-to-luminous-vivid-orange-gradient-background has-background has-medium-font-size\"><strong>DOPUNSKA NASTAVA:<\/strong><\/p>\n\n\n\n<figure class=\"wp-block-table\"><table class=\"has-fixed-layout\"><tbody><tr><td><strong>REDNI<\/strong> <strong>BROJ<\/strong><\/td><td><strong>Ime i prezime nastavnika<\/strong><\/td><td><strong>Naziv predmeta<\/strong><\/td><td><strong>Dan<\/strong><\/td><td><strong>Vrijeme odr\u017eavanja<\/strong><\/td><\/tr><tr><td>\u00a01.<\/td><td>Admira Dlouhi<\/td><td>Bosanski jezik i knji\u017eevnost<\/td><td>srijeda<\/td><td>13:20-14:05<\/td><\/tr><tr><td>\u00a02.<\/td><td>Amira Dru\u0161ki\u0107 Vla\u0161ki<\/td><td>Bosanski jezik i knji\u017eevnost<\/td><td>petak<\/td><td>08:00-08:45<\/td><\/tr><tr><td>\u00a03.<\/td><td>Lejla \u010cerkez Biki\u0107<\/td><td>Bosanski jezik i knji\u017eevnost<\/td><td>ponedjeljak<\/td><td>08:00-08:45<\/td><\/tr><tr><td>\u00a04.<\/td><td>Belma Kadri\u0107<\/td><td>Bosanski jezik i knji\u017eevnost<\/td><td>srijeda<\/td><td>13:30-14:15<\/td><\/tr><tr><td>\u00a05.<\/td><td>Merima Be\u0161lija<\/td><td>Engleski jezik<\/td><td>ponedjeljak<\/td><td>12:30-13:15<\/td><\/tr><tr><td>\u00a06.<\/td><td>Elvedina Nuriki\u0107<\/td><td>Engleski jezik<\/td><td>petak<\/td><td>12:30-13:15<\/td><\/tr><tr><td>\u00a07.<\/td><td>Amina Duranovi\u0107<\/td><td>Turski jezik<\/td><td>petak<\/td><td>12:25-13:10<\/td><\/tr><tr><td>\u00a08.<\/td><td>Ai\u0161a Halilovi\u0107<\/td><td>Matematika<\/td><td>utorak<\/td><td>13:30-14:15<\/td><\/tr><tr><td>\u00a09.<\/td><td>Emira Muhamedagi\u0107<\/td><td>Matematika<\/td><td>srijeda<\/td><td>13:30-14:15<\/td><\/tr><tr><td>\u00a010.<\/td><td>Armin Ak\u0161amovi\u0107<\/td><td>Fizika<\/td><td>petak<\/td><td>13:30-14:15<\/td><\/tr><\/tbody><\/table><\/figure>\n\n\n\n<p class=\"has-luminous-dusk-gradient-background has-background has-medium-font-size\"><strong>SEKCIJE:<\/strong><\/p>\n\n\n\n<figure class=\"wp-block-table\"><table class=\"has-fixed-layout\"><tbody><tr><td><strong>REDNI<\/strong> <strong>BROJ<\/strong><\/td><td><strong>Ime i prezime nastavnika<\/strong><\/td><td><strong>Naziv sekcije<\/strong><\/td><td><strong>Dan<\/strong><\/td><td><strong>Vrijeme odr\u017eavanja<\/strong><\/td><\/tr><tr><td>\u00a01.<\/td><td>Amira Dru\u0161ki\u0107 Vla\u0161ki<\/td><td>Recitatorska sekcija<\/td><td>petak<\/td><td>12:30-13:15<\/td><\/tr><tr><td>\u00a02.<\/td><td>Belma Kadri\u0107<\/td><td>Dramska sekcija<\/td><td>\u010detvrtak<\/td><td>13:30-14:15<\/td><\/tr><tr><td>\u00a03.<\/td><td>Adisa Boti\u0107<\/td><td>Engleska sekcija<\/td><td>ponedjeljak<\/td><td>13:30-14:15<\/td><\/tr><tr><td>\u00a04.<\/td><td>Zakira Mulaomerovi\u0107<\/td><td>Drama activity<\/td><td>ponedjeljak<\/td><td>12:30-13:15<\/td><\/tr><tr><td>\u00a05.<\/td><td>Sanela Biber<\/td><td>English club<\/td><td>ponedjeljak<\/td><td>16:15 \u2013 17:00<\/td><\/tr><tr><td>\u00a06.<\/td><td>Edina Alikadi\u0107 (Emina Kevri\u0107)<\/td><td>Sekcija Turskog jezika<\/td><td>petak<\/td><td>13:30-14:15<\/td><\/tr><tr><td>\u00a07.<\/td><td>Amina Duranovi\u0107<\/td><td>Sekcija Turskog jezika<\/td><td>\u010detvrtak<\/td><td>17:05-17:45<\/td><\/tr><tr><td>\u00a08.<\/td><td>Salko Avdi\u0107<\/td><td>\u0160ahovska sekcija<\/td><td>petak<\/td><td>12:30-13:15<\/td><\/tr><tr><td>\u00a09.<\/td><td>Selma Agi\u0107<\/td><td>Sobra\u0107ajna sekcija<\/td><td>srijeda<\/td><td>17:55-18:40<\/td><\/tr><tr><td>\u00a010.<\/td><td>Ned\u017ead Halilovi\u0107<\/td><td>Robotika<\/td><td>ponedjeljak<\/td><td>13:30-14:15<\/td><\/tr><tr><td>\u00a011.<\/td><td>Emir Omerovi\u0107<\/td><td>Modelarska sekcija<\/td><td>srijeda<\/td><td>15:25-16:10<\/td><\/tr><tr><td>\u00a012.<\/td><td>Emir Omerovi\u0107<\/td><td>\u0160kolska saobra\u0107ajna patrola<\/td><td>&nbsp; srijeda<\/td><td>&nbsp; 16:15-17:00<\/td><\/tr><tr><td>\u00a013.<\/td><td>Nevzeta Red\u017eepagi\u0107<\/td><td>Historijska sekcija<\/td><td>utorak<\/td><td>13:30-14:15<\/td><\/tr><tr><td>\u00a014.<\/td><td>Edina Kahved\u017ei\u0107<\/td><td>Geografska sekcija<\/td><td>\u010detvrtak<\/td><td>12:30-13:15<\/td><\/tr><tr><td>\u00a015.<\/td><td>Amela Buljuba\u0161i\u0107<\/td><td>Mine<\/td><td>\u010detvrtak<\/td><td>13:30-14:15<\/td><\/tr><tr><td>\u00a016.<\/td><td>\u0110ulka Ku\u0107anovi\u0107<\/td><td>Mladi demokrati<\/td><td>petak<\/td><td>12:30-13:15<\/td><\/tr><tr><td>\u00a017.<\/td><td>Emina Djedovi\u0107<\/td><td>Ekolo\u0161ka sekcija<\/td><td>\u010detvrtak<\/td><td>13:30-14:15<\/td><\/tr><tr><td>\u00a018.<\/td><td>Adna Hamamd\u017ei\u0107<\/td><td>Prva pomo\u0107<\/td><td>ponedjeljak<\/td><td>12:30-13:15<\/td><\/tr><tr><td>\u00a019.<\/td><td>Nihada Butmir<\/td><td>Welness sekcija<\/td><td>ponedjeljak<\/td><td>17:55-18:40<\/td><\/tr><tr><td>\u00a020.<\/td><td>Nihada Butmir<\/td><td>Vrijedne ruke<\/td><td>ponedjeljak<\/td><td>12:30-13:15<\/td><\/tr><tr><td>\u00a021.<\/td><td>Amela Prnjavorac<\/td><td>Odbojka\u0161ka sekcija (djevoj\u010dice)<\/td><td>utorak<\/td><td>13:20-14:15<\/td><\/tr><tr><td>\u00a022.<\/td><td>Amela Prnjavorac<\/td><td>Odbojka\u0161ka sekcija (dje\u010daci)<\/td><td>\u010detvrtak<\/td><td>13:20-14:15<\/td><\/tr><tr><td>\u00a023.<\/td><td>Amela Prnjavorac<\/td><td>Atletika<\/td><td>ponedjeljak<\/td><td>13:20-14:15<\/td><\/tr><tr><td>\u00a024.<\/td><td>Aldin Sraj\u010di\u0107<\/td><td>\u0160ahovska sekcija<\/td><td>srijeda<\/td><td>13:30-14:15<\/td><\/tr><tr><td>\u00a025.<\/td><td>Emin Had\u017ei\u0107<\/td><td>Ko\u0161arka\u0161ka sekcija<\/td><td>srijeda<\/td><td>13:30-14:15<\/td><\/tr><tr><td>\u00a026.<\/td><td>Ismir Peci<\/td><td>Likovna sekcija<\/td><td>utorak<\/td><td>13:30-15:05<\/td><\/tr><tr><td>\u00a027.<\/td><td>Taind\u017ei\u0107 Midhat<\/td><td>Hor<\/td><td>utorak &nbsp;<\/td><td>13:00-14:15 &nbsp;<\/td><\/tr><tr><td>\u00a028.<\/td><td>Taind\u017ei\u0107 Midhat<\/td><td>Orkestar<\/td><td>\u010detvrtak<\/td><td>13:30-15:05<\/td><\/tr><tr><td>\u00a029.<\/td><td>D\u017eenita Hafizovi\u0107<\/td><td>Mali kaligrafi<\/td><td>\u010detvrtak<\/td><td>17:05-17:50<\/td><\/tr><tr><td>\u00a030.<\/td><td>Vesna Omeragi\u0107<\/td><td>Bibliotekarska sekcija<\/td><td>petak<\/td><td>13:15-14:00<\/td><\/tr><\/tbody><\/table><\/figure>\n\n\n\n<p class=\"has-white-color has-blush-bordeaux-gradient-background has-text-color has-background has-link-color wp-elements-bfddf0d8560b7f7f9a246e2680f939a2\" style=\"font-size:23px\"><strong>RAZREDNA NASTAVA:<\/strong><\/p>\n\n\n\n<p class=\"has-very-light-gray-background-color has-background has-medium-font-size\">Raspored vannastavnih aktivnosti za razrednu nastavu mo\u017eete pogledati u dokumentu ispod:<\/p>\n\n\n\n<div data-wp-interactive=\"core\/file\" class=\"wp-block-file\"><object data-wp-bind--hidden=\"!state.hasPdfPreview\" hidden class=\"wp-block-file__embed\" data=\"https:\/\/osmp.edu.ba\/wp-content\/uploads\/2025\/09\/Vannastavne-aktivnosti_Razredna-nastava.pdf\" type=\"application\/pdf\" style=\"width:100%;height:600px\" aria-label=\"Ugra\u0111ivanje Vannastavne aktivnosti_Razredna nastava.\"><\/object><a id=\"wp-block-file--media-d3ac5402-d7f1-42a6-a82e-7d027f309cc5\" href=\"https:\/\/osmp.edu.ba\/wp-content\/uploads\/2025\/09\/Vannastavne-aktivnosti_Razredna-nastava.pdf\">Vannastavne aktivnosti_Razredna nastava<\/a><a href=\"https:\/\/osmp.edu.ba\/wp-content\/uploads\/2025\/09\/Vannastavne-aktivnosti_Razredna-nastava.pdf\" class=\"wp-block-file__button wp-element-button\" download aria-describedby=\"wp-block-file--media-d3ac5402-d7f1-42a6-a82e-7d027f309cc5\">Preuzmi<\/a><\/div>\n\n\n\n<p class=\"has-background\" style=\"background-color:#d6eaf3;font-size:17px\">Vi\u0161e o sekcijama i njihovim aktivnostima mo\u017eete prona\u0107i klikom na tag &#8220;<strong>Sekcije u \u0161koli<\/strong>&#8221; na dnu stranice ili klikom na <a href=\"http:\/\/osmp.edu.ba\/?cat=11\">link<\/a>. <\/p>\n\n\n\n<figure class=\"wp-block-embed aligncenter is-type-wp-embed is-provider-ju-o-quot-mirsad-prnjavorac-quot-vogo-a wp-block-embed-ju-o-quot-mirsad-prnjavorac-quot-vogo-a\"><div class=\"wp-block-embed__wrapper\">\n<blockquote class=\"wp-embedded-content\" data-secret=\"a2zAUc1ewv\"><a href=\"https:\/\/osmp.edu.ba\/?p=11124\">SEKCIJE U \u0160KOLI: BIBLIOTEKARSKA SEKCIJA<\/a><\/blockquote><iframe class=\"wp-embedded-content\" sandbox=\"allow-scripts\" security=\"restricted\" style=\"position: absolute; visibility: hidden;\" title=\"&#8220;SEKCIJE U \u0160KOLI: BIBLIOTEKARSKA SEKCIJA&#8221; &#8212; JU O\u0160 &quot;Mirsad Prnjavorac&quot; Vogo\u0161\u0107a\" src=\"https:\/\/osmp.edu.ba\/?p=11124&#038;embed=true#?secret=mexMadKDfV#?secret=a2zAUc1ewv\" data-secret=\"a2zAUc1ewv\" width=\"600\" height=\"338\" frameborder=\"0\" marginwidth=\"0\" marginheight=\"0\" scrolling=\"no\"><\/iframe>\n<\/div><\/figure>\n\n\n\n<figure class=\"wp-block-embed aligncenter is-type-wp-embed is-provider-ju-o-quot-mirsad-prnjavorac-quot-vogo-a wp-block-embed-ju-o-quot-mirsad-prnjavorac-quot-vogo-a\"><div class=\"wp-block-embed__wrapper\">\n<blockquote class=\"wp-embedded-content\" data-secret=\"fAiUOQKBE2\"><a href=\"https:\/\/osmp.edu.ba\/?p=5132\">SEKCIJE U \u0160KOLI: LIKOVNA SEKCIJA<\/a><\/blockquote><iframe class=\"wp-embedded-content\" sandbox=\"allow-scripts\" security=\"restricted\" style=\"position: absolute; visibility: hidden;\" title=\"&#8220;SEKCIJE U \u0160KOLI: LIKOVNA SEKCIJA&#8221; &#8212; JU O\u0160 &quot;Mirsad Prnjavorac&quot; Vogo\u0161\u0107a\" src=\"https:\/\/osmp.edu.ba\/?p=5132&#038;embed=true#?secret=gNmbH6XumG#?secret=fAiUOQKBE2\" data-secret=\"fAiUOQKBE2\" width=\"600\" height=\"338\" frameborder=\"0\" marginwidth=\"0\" marginheight=\"0\" scrolling=\"no\"><\/iframe>\n<\/div><\/figure>\n\n\n\n<p><\/p>\n","protected":false},"excerpt":{"rendered":"<p>Na\u0161i vrijedni nastavnici\/e, u\u010ditelji\/ce uvijek na\u0111u vremena za svoje u\u010denike koji su vo\u0111eni idejom da&#8230;<\/p>\n","protected":false},"author":1,"featured_media":0,"parent":24,"menu_order":1,"comment_status":"closed","ping_status":"closed","template":"","meta":{"ngg_post_thumbnail":0,"footnotes":""},"class_list":["post-53","page","type-page","status-publish","hentry"],"_links":{"self":[{"href":"https:\/\/osmp.edu.ba\/index.php?rest_route=\/wp\/v2\/pages\/53","targetHints":{"allow":["GET"]}}],"collection":[{"href":"https:\/\/osmp.edu.ba\/index.php?rest_route=\/wp\/v2\/pages"}],"about":[{"href":"https:\/\/osmp.edu.ba\/index.php?rest_route=\/wp\/v2\/types\/page"}],"author":[{"embeddable":true,"href":"https:\/\/osmp.edu.ba\/index.php?rest_route=\/wp\/v2\/users\/1"}],"replies":[{"embeddable":true,"href":"https:\/\/osmp.edu.ba\/index.php?rest_route=%2Fwp%2Fv2%2Fcomments&post=53"}],"version-history":[{"count":98,"href":"https:\/\/osmp.edu.ba\/index.php?rest_route=\/wp\/v2\/pages\/53\/revisions"}],"predecessor-version":[{"id":13498,"href":"https:\/\/osmp.edu.ba\/index.php?rest_route=\/wp\/v2\/pages\/53\/revisions\/13498"}],"up":[{"embeddable":true,"href":"https:\/\/osmp.edu.ba\/index.php?rest_route=\/wp\/v2\/pages\/24"}],"wp:attachment":[{"href":"https:\/\/osmp.edu.ba\/index.php?rest_route=%2Fwp%2Fv2%2Fmedia&parent=53"}],"curies":[{"name":"wp","href":"https:\/\/api.w.org\/{rel}","templated":true}]}}