{"id":57,"date":"2017-05-11T12:22:14","date_gmt":"2017-05-11T12:22:14","guid":{"rendered":"http:\/\/osmp.edu.ba\/?page_id=57"},"modified":"2025-04-11T23:39:22","modified_gmt":"2025-04-11T23:39:22","slug":"eksterna-matura","status":"publish","type":"page","link":"https:\/\/osmp.edu.ba\/?page_id=57","title":{"rendered":"EKSTERNA MATURA"},"content":{"rendered":"\n<p class=\"has-very-light-gray-background-color has-background\">Dragi u\u010denici i roditelji, na ovom odjeljku stranice mo\u017eete prona\u0107i sve vezano za eksternu maturu, od obavje\u0161tenja, kataloga i sl., za \u0161kolsku 2023.\/2024. godinu.<\/p>\n\n\n\n<p class=\"has-very-light-gray-background-color has-background\">S obzirom na pozitivna iskustva i povratne informacije o realizaciji eksterne mature u \u0161kolskoj 2022\/2023. godini, Ministarstvo za odgoj i obrazovanje se odlu\u010dilo da Ispitne kataloge pitanja za polaganje eksterne mature koji su objavljeni u augustu 2022. koristi i za pripreme u \u0161kolskoj 2023\/2024. godini.<br>Testovi na maturalnom ispitu \u0107e biti kreirani isklju\u010divo od zadataka iz Ispitnih kataloga pitanja.  (tekst preuzet sa stranice <a href=\"https:\/\/mo.ks.gov.ba\/eksternamatura\">Ministarstva za odgoj i obrazovanje Kantona Sarajevo<\/a>.)<\/p>\n\n\n\n<div class=\"wp-block-columns is-layout-flex wp-container-core-columns-is-layout-28f84493 wp-block-columns-is-layout-flex\">\n<div class=\"wp-block-column is-layout-flow wp-block-column-is-layout-flow\" style=\"flex-basis:100%\"><\/div>\n<\/div>\n\n\n\n<p class=\"has-very-light-gray-background-color has-background\">Vi\u0161e o eksternoj maturi mo\u017eete prona\u0107i na stranici Ministarstva na <a href=\"https:\/\/mo.ks.gov.ba\/eksternamatura\">linku<\/a>.<\/p>\n\n\n\n<p class=\"has-very-light-gray-background-color has-background\">Na slici ispod je kalendar aktivnosti u vezi sa polaganjem eksterne mature i upisom u\u010denika u prvi razred srednjih \u0161kola Kantona Sarajevo za \u0161kolsku 2023\/2024. godinu.<\/p>\n\n\n\n<figure class=\"wp-block-image\"><img fetchpriority=\"high\" decoding=\"async\" width=\"1417\" height=\"1907\" src=\"http:\/\/osmp.edu.ba\/wp-content\/uploads\/2024\/06\/eksterna-matura.jpg\" alt=\"\" class=\"wp-image-11808\" srcset=\"https:\/\/osmp.edu.ba\/wp-content\/uploads\/2024\/06\/eksterna-matura.jpg 1417w, https:\/\/osmp.edu.ba\/wp-content\/uploads\/2024\/06\/eksterna-matura-223x300.jpg 223w, https:\/\/osmp.edu.ba\/wp-content\/uploads\/2024\/06\/eksterna-matura-768x1034.jpg 768w, https:\/\/osmp.edu.ba\/wp-content\/uploads\/2024\/06\/eksterna-matura-761x1024.jpg 761w, https:\/\/osmp.edu.ba\/wp-content\/uploads\/2024\/06\/eksterna-matura-1024x1378.jpg 1024w\" sizes=\"(max-width: 1417px) 100vw, 1417px\" \/><\/figure>\n\n\n\n<p><\/p>\n\n\n\n<p class=\"has-very-light-gray-background-color has-background\">Na linkovima ispod imate najaktuelnije ispitne kataloge.<\/p>\n\n\n\n<p class=\"has-text-align-center has-luminous-vivid-amber-background-color has-background has-medium-font-size\"><strong>Katalozi po predmetima: <\/strong><\/p>\n\n\n\n<p><\/p>\n\n\n\n<p class=\"has-very-light-gray-background-color has-background has-medium-font-size\"><a href=\"http:\/\/osmp.edu.ba\/wp-content\/uploads\/2024\/01\/Katalog-Bosanski-jezik-i-knji\u017eevnost-Hrvatski-jezik-i-knji\u017eevnost-Srpski-jezik-i-knji\u017eevnost.pdf\">Katalog &#8211; Bosanski jezik i knji\u017eevnost, Hrvatski jezik i knji\u017eevnost, Srpski jezik i knji\u017eevnost<\/a><\/p>\n\n\n\n<p class=\"has-very-light-gray-background-color has-background has-medium-font-size\"><a href=\"http:\/\/osmp.edu.ba\/wp-content\/uploads\/2024\/01\/Katalog-Engleski-jezik.pdf\">Katalog &#8211; Engleski jezik<\/a><\/p>\n\n\n\n<p class=\"has-very-light-gray-background-color has-background has-medium-font-size\"><a href=\"https:\/\/mo.ks.gov.ba\/sites\/mo.ks.gov.ba\/files\/2023-05\/1._stop_wasting_time.mp3\">Engleski jezik &#8211; Vje\u017eba slu\u0161anja &#8211; Listening 1 <\/a><\/p>\n\n\n\n<p class=\"has-very-light-gray-background-color has-background has-medium-font-size\"><a href=\"https:\/\/mo.ks.gov.ba\/sites\/mo.ks.gov.ba\/files\/2023-05\/2._a_trip_to_remember.mp3\">Engleski jezik &#8211; Vje\u017eba slu\u0161anja &#8211; Listening 2 <\/a><\/p>\n\n\n\n<p class=\"has-very-light-gray-background-color has-background has-medium-font-size\"><a href=\"https:\/\/mo.ks.gov.ba\/sites\/mo.ks.gov.ba\/files\/2023-05\/3._aqua_park_information.mp3\">Engleski jezik &#8211; Vje\u017eba slu\u0161anja &#8211; Listening 3 <\/a><\/p>\n\n\n\n<p class=\"has-very-light-gray-background-color has-background has-medium-font-size\"><a href=\"https:\/\/mo.ks.gov.ba\/sites\/mo.ks.gov.ba\/files\/2023-05\/4._missing_a_class.mp3\">Engleski jezik &#8211; Vje\u017eba slu\u0161anja &#8211; Listening 4 <\/a><\/p>\n\n\n\n<p class=\"has-very-light-gray-background-color has-background has-medium-font-size\"><a href=\"https:\/\/mo.ks.gov.ba\/sites\/mo.ks.gov.ba\/files\/2023-05\/5._how_my_town_has_changed.mp3\">Engleski jezik &#8211; Vje\u017eba slu\u0161anja &#8211; Listening 5<\/a> <\/p>\n\n\n\n<p class=\"has-very-light-gray-background-color has-background has-medium-font-size\"><a href=\"http:\/\/osmp.edu.ba\/wp-content\/uploads\/2024\/01\/Katalog-Matematika.pdf\">Katalog &#8211; Matematika<\/a><\/p>\n\n\n\n<p><\/p>\n\n\n\n<p><\/p>\n","protected":false},"excerpt":{"rendered":"<p>Dragi u\u010denici i roditelji, na ovom odjeljku stranice mo\u017eete prona\u0107i sve vezano za eksternu maturu,&#8230;<\/p>\n","protected":false},"author":1,"featured_media":9541,"parent":24,"menu_order":3,"comment_status":"closed","ping_status":"closed","template":"","meta":{"ngg_post_thumbnail":0,"footnotes":""},"class_list":["post-57","page","type-page","status-publish","has-post-thumbnail","hentry"],"_links":{"self":[{"href":"https:\/\/osmp.edu.ba\/index.php?rest_route=\/wp\/v2\/pages\/57","targetHints":{"allow":["GET"]}}],"collection":[{"href":"https:\/\/osmp.edu.ba\/index.php?rest_route=\/wp\/v2\/pages"}],"about":[{"href":"https:\/\/osmp.edu.ba\/index.php?rest_route=\/wp\/v2\/types\/page"}],"author":[{"embeddable":true,"href":"https:\/\/osmp.edu.ba\/index.php?rest_route=\/wp\/v2\/users\/1"}],"replies":[{"embeddable":true,"href":"https:\/\/osmp.edu.ba\/index.php?rest_route=%2Fwp%2Fv2%2Fcomments&post=57"}],"version-history":[{"count":40,"href":"https:\/\/osmp.edu.ba\/index.php?rest_route=\/wp\/v2\/pages\/57\/revisions"}],"predecessor-version":[{"id":12981,"href":"https:\/\/osmp.edu.ba\/index.php?rest_route=\/wp\/v2\/pages\/57\/revisions\/12981"}],"up":[{"embeddable":true,"href":"https:\/\/osmp.edu.ba\/index.php?rest_route=\/wp\/v2\/pages\/24"}],"wp:featuredmedia":[{"embeddable":true,"href":"https:\/\/osmp.edu.ba\/index.php?rest_route=\/wp\/v2\/media\/9541"}],"wp:attachment":[{"href":"https:\/\/osmp.edu.ba\/index.php?rest_route=%2Fwp%2Fv2%2Fmedia&parent=57"}],"curies":[{"name":"wp","href":"https:\/\/api.w.org\/{rel}","templated":true}]}}