{"id":66,"date":"2017-05-11T13:05:36","date_gmt":"2017-05-11T13:05:36","guid":{"rendered":"http:\/\/osmp.edu.ba\/?page_id=66"},"modified":"2025-09-19T21:04:29","modified_gmt":"2025-09-19T21:04:29","slug":"konsultacije-sa-nastavnicima","status":"publish","type":"page","link":"https:\/\/osmp.edu.ba\/?page_id=66","title":{"rendered":"Konsultacije sa nastavnicima"},"content":{"rendered":"\n<p><\/p>\n\n\n\n<hr style=\"height:3px;background-color:#e096a6;\">\n\n\n\n<p class=\"has-text-align-left has-background\" style=\"background-color:#d9ecf5;font-size:19px\"><strong>Dan i vrijeme odr\u017eavanja konsultacija\/informacija nastavnika s roditeljima<\/strong><\/p>\n\n\n\n<p class=\"has-white-color has-luminous-vivid-amber-to-luminous-vivid-orange-gradient-background has-text-color has-background has-link-color has-medium-font-size wp-elements-e377e1043b03ab3dc07e7bd5c271576a\"><strong>\u0160KOLSKA 2025\/2026. GODINA<\/strong><\/p>\n\n\n\n<p class=\"has-white-color has-luminous-dusk-gradient-background has-text-color has-background has-link-color wp-elements-1d8a2200c051371c2c21524a43e4c214\"><a href=\"https:\/\/osmp.edu.ba\/wp-content\/uploads\/2025\/09\/Konsultacije_predmetna.pdf\"><strong>Dan i vrijeme odr\u017eavanja konsultacija\/informacija \u2013 PREDMETNA NASTAVA_ \u0160KOLSKA_2025\u2013 2026<\/strong><\/a><\/p>\n\n\n\n<div data-wp-interactive=\"core\/file\" class=\"wp-block-file\"><object data-wp-bind--hidden=\"!state.hasPdfPreview\" hidden class=\"wp-block-file__embed\" data=\"https:\/\/osmp.edu.ba\/wp-content\/uploads\/2025\/09\/Konsultacije_predmetna.pdf\" type=\"application\/pdf\" style=\"width:100%;height:600px\" aria-label=\"Ugra\u0111ivanje Konsultacije_predmetna.\"><\/object><a id=\"wp-block-file--media-869d5097-e762-44d7-84b2-16d19ec79ed2\" href=\"https:\/\/osmp.edu.ba\/wp-content\/uploads\/2025\/09\/Konsultacije_predmetna.pdf\">Konsultacije_predmetna<\/a><a href=\"https:\/\/osmp.edu.ba\/wp-content\/uploads\/2025\/09\/Konsultacije_predmetna.pdf\" class=\"wp-block-file__button wp-element-button\" download aria-describedby=\"wp-block-file--media-869d5097-e762-44d7-84b2-16d19ec79ed2\">Preuzmi<\/a><\/div>\n\n\n\n<p><\/p>\n\n\n\n\n\n<p><\/p>\n\n\n\n<p><\/p>\n\n\n\n<hr style=\"height:3px;background-color:#e096a6;\">\n<br>\n\n\n\n<p><\/p>\n\n\n\n<hr style=\"height:3px;background-color:#a9b9eb;\">\n\n\n\n<p class=\"has-text-align-left has-background has-medium-font-size\" style=\"background-color:#d9ecf5\"><strong>Dan i vrijeme odr\u017eavanja konsultacija\/informacija u\u010ditelja s roditeljima <\/strong><\/p>\n\n\n\n<p class=\"has-white-color has-luminous-vivid-amber-to-luminous-vivid-orange-gradient-background has-text-color has-background has-link-color has-medium-font-size wp-elements-e377e1043b03ab3dc07e7bd5c271576a\"><strong>\u0160KOLSKA 2025\/2026. GODINA<\/strong><\/p>\n\n\n\n<p><\/p>\n\n\n\n<p class=\"has-white-color has-luminous-dusk-gradient-background has-text-color has-background has-link-color wp-elements-c79fc6107358340a8eb1c679d64e3535\"><a href=\"https:\/\/osmp.edu.ba\/wp-content\/uploads\/2025\/09\/Konsultacije_razredna.pdf\"><strong>Dan i vrijeme odr\u017eavanja konsultacija\/informacija \u2013 RAZREDNA NASTAVA_ \u0160KOLSKA_2025 \u2013 2026<\/strong><\/a><\/p>\n\n\n\n<div data-wp-interactive=\"core\/file\" class=\"wp-block-file\"><object data-wp-bind--hidden=\"!state.hasPdfPreview\" hidden class=\"wp-block-file__embed\" data=\"https:\/\/osmp.edu.ba\/wp-content\/uploads\/2025\/09\/Konsultacije_razredna.pdf\" type=\"application\/pdf\" style=\"width:100%;height:729px\" aria-label=\"Ugra\u0111ivanje Konsultacije_razredna.\"><\/object><a id=\"wp-block-file--media-1dd21342-ceaa-469e-b46b-655b1fb85d2d\" href=\"https:\/\/osmp.edu.ba\/wp-content\/uploads\/2025\/09\/Konsultacije_razredna.pdf\">Konsultacije_razredna<\/a><a href=\"https:\/\/osmp.edu.ba\/wp-content\/uploads\/2025\/09\/Konsultacije_razredna.pdf\" class=\"wp-block-file__button wp-element-button\" download aria-describedby=\"wp-block-file--media-1dd21342-ceaa-469e-b46b-655b1fb85d2d\">Preuzmi<\/a><\/div>\n\n\n\n<p><\/p>\n\n\n\n<p><\/p>\n\n\n\n<p><\/p>\n\n\n\n<hr style=\"height:3px;background-color:#a9b9eb;\">\n\n\n\n<p style=\"background-color:#edc9b9\" class=\"has-background has-medium-font-size\">Svo nastavno osoblje i uposlenike stru\u010dne slu\u017ebe \u0161kole mo\u017eete kontaktirati i putem <strong>\u0161kolskog e &#8211; maila<\/strong> koji je u formatu <strong><u>imenastavnika.prezimenastavnika<\/u>@osmp.edu.ba<\/strong> (npr. <em>nastavnik sa imenom Dino Dini\u0107 ima e &#8211; mail dino.dinic@osmp.edu.ba<\/em>).<br> Klikom na ikonicu ispod odaberite \u017eeljeni e &#8211; mail servis i kontaktirajte.<\/p>\n\n\n\n<center><table style=\"text-align:center\">\n<tr>\n<td style=\"background-color:#edc9b9;width:60px; height:60px\"><a href=\"https:\/\/outlook.live.com\/mail\/0\/inbox?nlp=1\"><img decoding=\"async\" src=\"http:\/\/osmp.edu.ba\/wp-content\/uploads\/2023\/10\/Microsoft_Office_Outlook_2018\u2013present.svg_-1024x952.png\" style=\"width:55px; height:50px\"\/><\/a><\/td>\n<td style=\" background-color:#edc9b9;width:60px; height:60px\">\n<a href=\"https:\/\/accounts.google.com\/v3\/signin\/identifier?ifkv=AYZoVheN9YNrVQHY2pFR9fmPn3DfqT8lUCrfktRt3_lJy68rUAsb1NzMLG-df24kjGHLvRG2lkQrXQ&#038;service=mail&#038;flowName=GlifWebSignIn&#038;flowEntry=ServiceLogin&#038;dsh=S-50153746%3A1696158505971573&#038;theme=glif\"><img decoding=\"async\" src=\"http:\/\/osmp.edu.ba\/wp-content\/uploads\/2023\/10\/Gmail_icon_2020.svg_-1024x768.png\"  style=\"width:55px; height:50px\"\/><\/a>\n<\/td>\n<td style=\" background-color:#edc9b9; width:60px; height:60px\">\n<a href=\"https:\/\/login.yahoo.com\/?.src=ym&#038;lang=bs-BA&#038;done=https%3A%2F%2Fmail.yahoo.com%2F%3Fguce_referrer%3DaHR0cHM6Ly93d3cuZ29vZ2xlLmNvbS8%26guce_referrer_sig%3DAQAAAFC1EBA-rw_yccrbn4jMq5wOgEzrV-Bll0keMbmy5RGDpo6aRDpcDxAmBAIk7io8sxgZBjUCkeqrm3Rq3CyZr_etcNktmTNEPFR5et0xOAfv_KtYn2HF5crTlWZBSEgAEfzjkDx4NGspbMXVd2-1LsFHXH3TathnA05k3JlQZbk6\"><img decoding=\"async\" src=\"http:\/\/osmp.edu.ba\/wp-content\/uploads\/2023\/10\/Yahoo-Mail-Logo-1024x576.png\" style=\"width:100px; height:50px\"\/>\n<\/a>\n<\/td>\n<\/tr>\n\n\n<\/table>\n\n\n\n<p><\/p>\n","protected":false},"excerpt":{"rendered":"<p>Dan i vrijeme odr\u017eavanja konsultacija\/informacija nastavnika s roditeljima \u0160KOLSKA 2025\/2026. GODINA Dan i vrijeme odr\u017eavanja&#8230;<\/p>\n","protected":false},"author":1,"featured_media":0,"parent":26,"menu_order":2,"comment_status":"closed","ping_status":"closed","template":"","meta":{"ngg_post_thumbnail":0,"footnotes":""},"class_list":["post-66","page","type-page","status-publish","hentry"],"_links":{"self":[{"href":"https:\/\/osmp.edu.ba\/index.php?rest_route=\/wp\/v2\/pages\/66","targetHints":{"allow":["GET"]}}],"collection":[{"href":"https:\/\/osmp.edu.ba\/index.php?rest_route=\/wp\/v2\/pages"}],"about":[{"href":"https:\/\/osmp.edu.ba\/index.php?rest_route=\/wp\/v2\/types\/page"}],"author":[{"embeddable":true,"href":"https:\/\/osmp.edu.ba\/index.php?rest_route=\/wp\/v2\/users\/1"}],"replies":[{"embeddable":true,"href":"https:\/\/osmp.edu.ba\/index.php?rest_route=%2Fwp%2Fv2%2Fcomments&post=66"}],"version-history":[{"count":91,"href":"https:\/\/osmp.edu.ba\/index.php?rest_route=\/wp\/v2\/pages\/66\/revisions"}],"predecessor-version":[{"id":13474,"href":"https:\/\/osmp.edu.ba\/index.php?rest_route=\/wp\/v2\/pages\/66\/revisions\/13474"}],"up":[{"embeddable":true,"href":"https:\/\/osmp.edu.ba\/index.php?rest_route=\/wp\/v2\/pages\/26"}],"wp:attachment":[{"href":"https:\/\/osmp.edu.ba\/index.php?rest_route=%2Fwp%2Fv2%2Fmedia&parent=66"}],"curies":[{"name":"wp","href":"https:\/\/api.w.org\/{rel}","templated":true}]}}